 Calculate the highest common divisor of v and i.
10
Let g = 6 + -2. Suppose -g*l = l. Suppose 45 = b - 5*u, l*u + 2*u = 3*b - 161. Calculate the greatest common divisor of b and 11.
11
Suppose -3*l + 1 = -35. Calculate the highest common divisor of l and 96.
12
Suppose -4*s + 81 = p, -5*s + 63 = 5*p - 27. Suppose -y = -s - 15. Calculate the greatest common factor of 9 and y.
9
Suppose 0 = -12*o + 2*o + 2340. What is the greatest common factor of 18 and o?
18
Let m(b) = 2*b + 2. Let r be (4/3)/((-7)/21). Let t be m(r). Let h be (-45)/t*(-8)/(-6). What is the greatest common factor of h and 15?
5
Suppose -l = l. Suppose 3*f + 2 - 77 = l. Calculate the greatest common factor of f and 10.
5
Let f(c) = c**2 + 2*c. Let o be f(4). Suppose -2*k + o - 2 = 0. What is the highest common divisor of 121 and k?
11
Let m(c) = -3*c - 3. Let r(g) = -3*g - 2. Let l(o) = -3*m(o) + 4*r(o). Let k be l(-2). What is the highest common factor of k and 35?
7
Suppose -3*m = w - 41, m = 3*m - 2*w - 14. What is the greatest common divisor of 96 and m?
12
Suppose -5*z = -34 + 9. Suppose 3*s - z*s + 106 = -x, 2*s - 110 = -x. Calculate the highest common factor of s and 6.
6
Let r = -4 - -7. Let i = r + -6. Let y(l) = -34*l - 3. Let p be y(i). What is the highest common factor of p and 9?
9
Suppose 0 = -0*n + 3*n. Let a be n*(0 - 1/2). Let i be (a + 20)/((-1)/(-2)). Calculate the highest common factor of i and 8.
8
Let g be 2/(-3)*(-34 - -1). Let o = g + 33. Let n = 27 + -5. What is the greatest common divisor of o and n?
11
Let s(t) be the second derivative of -t**3/6 + 6*t**2 - 2*t. Let p be s(6). Let l = 2 - -28. What is the greatest common divisor of l and p?
6
Let j(f) = -f**2 + 14*f - 4. Let p be j(4). Calculate the greatest common divisor of 60 and p.
12
Suppose -2*n - 40 - 74 = 0. Let r be 3/6 - n/6. Calculate the greatest common divisor of r and 20.
10
Let a(q) = 13*q**2 - 3*q - 3. Let k be a(-2). Calculate the greatest common divisor of k and 11.
11
Suppose -48 = -2*i + i. Suppose -3*d + 22 = -5*a, 4*a + 25 - 9 = 4*d. Let o = a - -37. Calculate the highest common divisor of i and o.
16
Suppose -f - 600 = f. Let n be f/(-18) + 1/3. Suppose 32 = 3*j - 274. What is the highest common factor of n and j?
17
Let j(f) = 2*f + 8. Let h be j(-3). Suppose -k = i - 17, -k - 35 = -3*i + 20. Calculate the highest common factor of i and h.
2
Suppose 30 = 3*h - 45. Let m(l) = 2*l**3 + 3*l**2 - l - 1. Let a be m(2). What is the greatest common divisor of h and a?
25
Suppose 0 = -5*g - 3*w - 2*w + 45, -2*w = 3*g - 27. Calculate the highest common divisor of 36 and g.
9
Let y = -16 - -12. Let q be 2/(3 + y) + 98. Calculate the greatest common factor of 24 and q.
24
Suppose 0 = 2*j - 57 - 113. Let k(s) = 18*s**2 - s. Let p(v) = v**2 + v + 1. Let i be p(-1). Let l be k(i). Calculate the highest common divisor of l and j.
17
Let p(k) = 5*k + 2. Let h be p(3). Let i = -25 - -17. Let x = i + h. What is the greatest common factor of 1 and x?
1
Let v = 10 + -4. Let h = v + -3. Suppose 3*m - 31 = -2*t, -5*m + 12 = -t - 31. What is the greatest common divisor of h and m?
3
Suppose 34 = -4*d + 6*d. What is the greatest common factor of 153 and d?
17
Suppose 0 = -3*r, r - 2 = -4*m - 26. Let j = m + 10. Suppose 3*c = -j*g + 318, 2*g + c + 33 = 193. Calculate the highest common factor of g and 9.
9
Let g(a) = a**2 - 4*a + 4. Let p be g(4). Suppose 8*o - 68 = p*o - 3*t, -o = -3*t - 2. What is the greatest common factor of 7 and o?
7
Let c(y) = 2*y**2 - 6*y + 6. Let m be c(3). Calculate the greatest common divisor of 3 and m.
3
Let h(y) = 145*y - 1. Let k be h(1). What is the greatest common factor of 9 and k?
9
Suppose -f + 161 = -3*k, -4*f + 46 = -2*k - 68. Let j = k + 74. What is the highest common divisor of j and 3?
3
Let n = -331 + 338. Let o = 127 - 76. Suppose q - o = -4*d, 0 = -d + 2*d + q - 9. What is the highest common factor of d and n?
7
Suppose -a + 17 = 2*m, -a + 3*m + 3 = -2*m. What is the highest common divisor of 26 and a?
13
Suppose v + 80 = 5*v. Calculate the highest common divisor of 30 and v.
10
Let r(a) = 1 + 6 + 1 - a**3 + 6*a + 7*a**2. Let n be r(8). Let j(b) = -27*b - 7. Let c be j(n). What is the highest common factor of c and 19?
19
Suppose -3*u = -61 - 11. Calculate the highest common divisor of 36 and u.
12
Suppose -s = s - 3*h - 51, -3*s + 81 = -3*h. Let l = -1 - -7. Calculate the greatest common factor of s and l.
6
Let t(z) = -2*z. Let l be t(-4). What is the greatest common divisor of l and 88?
8
Let f(k) = 2 + 2*k + 0*k + 2. Let v be f(6). Calculate the greatest common factor of 24 and v.
8
Let u = 11 - 6. Let b = 1 + -1. Suppose -4*k + 88 + 12 = b. Calculate the highest common factor of k and u.
5
Let g(y) = -8*y + 7. Let t be g(-1). Let m(w) = 18*w - 12. Let a be m(9). Calculate the greatest common factor of t and a.
15
Suppose -o = -5*u + 209, 180 = 5*u - 4*o - 26. Let y be 492/u + 2/7. Calculate the highest common divisor of 108 and y.
12
Suppose 20 = s - 5*x, -2*s + 40 = -0*s - x. Suppose -15 = -i + p, 0 = -4*i - p + s + 25. Calculate the highest common divisor of i and 36.
12
Let f be ((-3)/1 - -6)*1*9. Calculate the highest common divisor of 135 and f.
27
Let b be 2/8 + (-93)/(-12). Suppose a + 8 = 2*a. What is the highest common divisor of a and b?
8
Let s(w) = 2*w + 22. Let a be s(15). Calculate the greatest common divisor of 78 and a.
26
Suppose -47 = -5*k + 113. Suppose -3*r - r = -k. Suppose -2*p = a - 173, 3*p + a - 3*a = 270. What is the highest common factor of p and r?
8
Let d(q) = -q**3 - 6*q**2 - q - 2. Let b be d(-6). Calculate the highest common divisor of 16 and b.
4
Suppose -3*d + 19 = -8. What is the greatest common divisor of d and 81?
9
Let i be (-4)/18 - 2434/(-18). Suppose t - i = -2*t. Suppose 5*d = 3*g - 20, -4*g + 14 = -5*d - 21. Calculate the highest common divisor of t and g.
15
Let h = -135 - -139. Let j(i) = 3*i**2 - 2*i. Let r be j(2). What is the greatest common divisor of h and r?
4
Let w = 29 - 8. Let c = -13 + w. What is the highest common divisor of c and 24?
8
Suppose -17*q + 75 = -14*q. What is the greatest common divisor of q and 75?
25
Suppose -5*u - 159 = 4*f, 2*f + 2*f + 135 = 3*u. Let r be 35/(-2)*f/45. Calculate the highest common divisor of r and 42.
14
Let d be (2 + 15/(-6))*2. Let c be 61 + (-3)/(d - -4). Let k be c + (-3)/(-6)*0. Calculate the greatest common factor of 12 and k.
12
Suppose 7 = -5*f - 8. Let u = 26 - f. Calculate the highest common divisor of 116 and u.
29
Suppose -2*q + 3*q = 41. Suppose -q + 241 = 4*i. Let g be ((-16)/(-6))/((-6)/(-45)). Calculate the highest common factor of g and i.
10
Let m = 107 - 97. Calculate the highest common divisor of 40 and m.
10
Let i be (-8)/32 - (-282)/8. Suppose 0 = -h + 25 + i. Suppose -5*x = -0*x - h. What is the highest common factor of x and 132?
12
Suppose 3*n = 2*v - 14, 0*v + 2*v = 5*n + 22. Let h = -3 - n. What is the highest common divisor of h and 9?
1
Let s = 34 - 9. Let z = -5 + s. Calculate the highest common divisor of z and 8.
4
Let v = 7 + -11. Let d be (-72)/(-7) - v/(-14). Calculate the greatest common divisor of 2 and d.
2
Let m(i) = -i**2 - i + 22. Let j be m(-4). Calculate the greatest common factor of j and 50.
10
Let d be 1/((-26)/(-12) - 2). Suppose 0*i - 3*i = -6. Calculate the greatest common divisor of i and d.
2
Let o be (-15 - -80)*((-14)/(-10) - 1). Calculate the greatest common factor of o and 13.
13
Let v = 85 + -49. What is the greatest common divisor of v and 24?
12
Suppose 1261 = 5*m + b, 5*m + 4*b + 0*b - 1264 = 0. Let l be (1/(-3))/((-4)/m). Calculate the highest common divisor of l and 42.
21
Let h(f) = -f**2 + 9*f + 14. Let m be h(10). Suppose -p = -m*p. Suppose 5*s - 2*s - 42 = p. What is the greatest common divisor of s and 42?
14
Let m be (35 - 3)*1/2. What is the greatest common factor of 4 and m?
4
Suppose 3*b - 143 = -50. What is the greatest common divisor of b and 93?
31
Let t = 10 + -14. Let v be t/(-2)*15/6. Suppose 2*s = 4*z + 72, -3*s + 5*z + 116 = 3*z. What is the greatest common factor of s and v?
5
Let w(z) = 2*z**2 + z - 4. Let v be w(-4). Let i be (-6)/1*8/12. Let j be (-239)/i + (-2)/(-8). What is the highest common divisor of v and j?
12
Let r(b) = -29*b + 1. Let p be r(-1). Suppose x - 12 = 3*v, -4